
323202
In base 6, what is 411 + 102331405?
102332220
In base 15, what is -19e8 - -2430?
937
In base 5, what is 10 + 240321413?
240321423
In base 3, what is -1221211 + -11001212?
-20000200
In base 14, what is -79811 + 96?
-79759
In base 4, what is 10301 - 132232013?
-132221112
In base 13, what is -2691 - 15a?
-281b
In base 14, what is -d5c45 - 6?
-d5c4b
In base 4, what is -222130033301 - 3?
-222130033310
In base 6, what is 143410 - 300231?
-112421
In base 5, what is -214 + -24023414?
-24024133
In base 3, what is -10110000022021 + -10?
-10110000022101
In base 12, what is 3 - -293a390?
293a393
In base 8, what is -51552 + -1057?
-52631
In base 12, what is -3406a5 + -27?
-340710
In base 2, what is -1011001111 + -11101011010110011111?
-11101011100001101110
In base 7, what is -502210 - -3401?
-465506
In base 13, what is -1b + -1a5a0?
-1a5bb
In base 9, what is -11 - -1205408?
1205387
In base 2, what is -1110 - 110010010001001011101?
-110010010001001101011
In base 3, what is -110122111211 - 21?
-110122112002
In base 10, what is -812789763 + 3?
-812789760
In base 9, what is -1468125 - -53?
-1468062
In base 4, what is 3 + -2211311213?
-2211311210
In base 3, what is -110120110 - 211121?
-111102001
In base 4, what is -3 + -2333202120?
-2333202123
In base 14, what is -1b7762 + -13?
-1b7775
In base 12, what is -6a886b54 - -5?
-6a886b4b
In base 16, what is b1555 - -59?
b15ae
In base 10, what is -17852202 - -51?
-17852151
In base 14, what is -733c93 + 10?
-733c83
In base 4, what is -2122023 - 20113?
-2202202
In base 12, what is 14082 - 9a?
13ba4
In base 16, what is 35cc0ae + 1?
35cc0af
In base 2, what is 110010111110010010100101 - 0?
110010111110010010100101
In base 7, what is -15 + -10340364?
-10340412
In base 12, what is 7a + 362932?
3629b0
In base 15, what is 11 + -ec4639?
-ec4628
In base 11, what is 3 - -346555a?
3465562
In base 15, what is -e1 - -2a1ead?
2a1dbc
In base 11, what is -4 - -257a8711?
257a8708
In base 7, what is 12 + -12665524?
-12665512
In base 2, what is 10101010000110100101000101 - -1?
10101010000110100101000110
In base 10, what is -4 - 9455121?
-9455125
In base 3, what is 2 + 21001220022100?
21001220022102
In base 2, what is 1100111111110 + 110010100111?
10011010100101
In base 13, what is a6c0b0b - -1?
a6c0b0c
In base 13, what is 3aba96a8 + 4?
3aba96ac
In base 9, what is 3333820 - -56?
3333876
In base 10, what is 2146639 - 136?
2146503
In base 12, what is -12a + 429139?
42900b
In base 8, what is 46222 + -144?
46056
In base 4, what is 2 + 12123101201002?
12123101201010
In base 13, what is abb03 + 3c1?
ac1c4
In base 13, what is 118a42a63 - -5?
118a42a68
In base 2, what is -110111100110101111100110100 + 11?
-110111100110101111100110001
In base 14, what is 2c2679 + -2b8?
2c23a1
In base 3, what is 121111120110 - -1222012?
121120112122
In base 14, what is a9c299 + -4?
a9c295
In base 6, what is 124410141 - 5?
124410132
In base 6, what is -233532544 + -1?
-233532545
In base 3, what is 1112112201021110 + -1?
1112112201021102
In base 14, what is -d724ac4 - -3?
-d724ac1
In base 2, what is 101100000101 + 101010000111100?
101111101000001
In base 6, what is 534142012234 - 0?
534142012234
In base 7, what is 566031 - -16312?
615343
In base 4, what is 3030031220 + -3?
3030031211
In base 2, what is 1000010011110100100010011 - 110?
1000010011110100100001101
In base 3, what is -10010200101110201 - -12?
-10010200101110112
In base 3, what is 1120021120011 - 1012111?
1120020100200
In base 11, what is -1453 - -5914?
4471
In base 13, what is -74c428 + -4?
-74c42c
In base 14, what is -3aadb1b + -2?
-3aadb1d
In base 7, what is 16 - -451154?
451203
In base 12, what is 126b2 - 44a?
12264
In base 8, what is -62302773 - -21?
-62302752
In base 2, what is 111000011000 - 101000100101010?
-100001100010010
In base 9, what is -21 + 7358037?
7358016
In base 16, what is 15 + 809f3?
80a08
In base 8, what is 600 - 5234267?
-5233467
In base 10, what is 5283 - -30?
5313
In base 6, what is -4533453322 + -4?
-4533453330
In base 3, what is 210212121021112 - -1?
210212121021120
In base 16, what is -3 + 1b3fad?
1b3faa
In base 5, what is -4044222 - -1310?
-4042412
In base 13, what is 28a8c9a + -9?
28a8c91
In base 15, what is b - bc9?
-bbd
In base 8, what is -4 + 1133165166?
1133165162
In base 7, what is -166354 + -356?
-200043
In base 10, what is -2 + 10847?
10845
In base 10, what is 7 - -408837?
408844
In base 13, what is 217 + 222b15?
22302c
In base 9, what is -236800145 - -2?
-236800143
In base 13, what is 4b - 11bba12?
-11bb994
In base 6, what is 1054000 - 1411?
1052145
In base 7, what is 6556 - -105531?
115420
In base 10, what is -17019 - -3898?
-13121
In base 7, what is 1466604 + 44?
1466651
In base 3, what is 1121 + 10001022101221?
10001022110112
In base 5, what is -1121211112 - -401?
-1121210211
In base 15, what is -2 - 8a9875?
-8a9877
In base 10, what is 1 + 176087762?
176087763
In base 10, what is -299 - 9624?
-9923
In base 15, what is 36d8 + -265?
3473
In base 10, what is -475290762 + -5?
-475290767
In base 14, what is 2dd942d3 + -4?
2dd942cd
In base 6, what is -12003 + -115522?
-131525
In base 7, what is 26121 - -2045?
31166
In base 14, what is -17d7 - -12da?
-4db
In base 8, what is -114 - 10326501?
-10326615
In base 8, what is 2 - 357272505?
-357272503
In base 13, what is 7a3c6 - -1b?
7a414
In base 10, what is 21452 + -45?
21407
In base 3, what is 12 + -221001222002?
-221001221220
In base 10, what is -85540 - 429?
-85969
In base 8, what is -3 - 4253775?
-4254000
In base 15, what is -de08d - 242?
-de2d0
In base 11, what is -31219907 + -4?
-31219910
In base 16, what is 1263f1 - 14?
1263dd
In base 11, what is -4 - -6349710?
6349707
In base 15, what is 1ebc2 + 5134?
24d06
In base 16, what is -1 - -29b617b?
29b617a
In base 12, what is -765644b - -1?
-765644a
In base 12, what is -1 + a9aa7?
a9aa6
In base 10, what is -4621 - -408?
-4213
In base 7, what is 13 - 11211164?
-11211151
In base 13, what is -10c - 4083a?
-40949
In base 10, what is 5 - -16441794?
16441799
In base 6, what is -24142144 + -1025?
-24143213
In base 10, what is 9927 - 77?
9850
In base 13, what is -5 + 21b435c?
21b4357
In base 8, what is -2 + -530254441?
-530254443
In base 15, what is 5 - -61b5938?
61b593d
In base 12, what is 7770 + -3bb6?
3776
In base 12, what is 192a24 + 178?
192ba0
In base 16, what is 1af - 6ca?
-51b
In base 5, what is -112432224 - -33?
-112432141
In base 6, what is 332510201 + -230?
332505531
In base 2, what is -1101011 + 100110011010011010?
100110011000101111
In base 7, what is 22222 - 44566?
-22344
In base 10, what is 650091 + -9?
650082
In base 8, what is 377 - 245026?
-244427
In base 6, what is -2221 - -425503?
423242
In base 7, what is -20546413 - 1?
-20546414
In base 13, what is -8 + -510a3c5?
-510a400
In base 2, what is -1001000011111101100110001 - -11?
-1001000011111101100101110
In base 9, what is 6 + -27862720?
-27862713
In base 9, what is -11311001 + -5?
-11311006
In base 6, what is 2141030 + -3105?
2133521
In base 2, what is -1010001111010001100110 + 1?
-1010001111010001100101
In base 10, what is -5 + -2512339?
-2512344
In base 8, what is 2222123 + -502?
2221421
In base 10, what is 264052 + -299?
263753
In base 14, what is -4 - 12acd178?
-12acd17c
In base 13, what is -35021c23 + -6?
-35021c29
In base 13, what is 4 + -16922b7?
-16922b3
In base 14, what is -87d - d39?
-17b8
In base 5, what is -40 - 24132043?
-24132133
In base 13, what is 5 - -6a7965?
6a796a
In base 13, what is 3b - 59a040?
-59a002
In base 9, what is -3 - -104268467?
104268464
In base 14, what is 1719ddc - -3?
171a001
In base 2, what is -1001 - -110000011111110001111010?
110000011111110001110001
In base 3, what is -2220 + -1220002002?
-1220011222
In base 13, what is 31098 + 3a8?
31473
In base 5, what is 2033241004401 - 0?
2033241004401
In base 7, what is -40115421 - 11?
-40115432
In base 14, what is 18 - 147222?
-147208
In base 6, what is 15234135 - 43?
15234052
In base 6, what is 1245032 - -203?
1245235
In base 8, what is 5 + 15214606?
15214613
In base 10, what is 4 - -41390996?
41391000
In base 16, what is f2405d8 - 4?
f2405d4
In base 7, what is -345320043 + -4?
-345320050
In base 5, what is -123214 + -140332?
-314101
In base 8, what is -616015145 - 0?
-616015145
In base 13, what is -6 - -1655499?
1655493
In ba